88 = 0. List the prime factors of h.
2, 3, 71, 101
Let o(d) be the third derivative of d**6/120 + 3*d**5/20 - d**4/3 + 14*d**3/3 - 108*d**2 - 3. Let p = -11 - -2. List the prime factors of o(p).
2, 5
Let x(h) = -242*h**3 + h**2 - 8*h - 5. Let o be (5/(15/(-2)))/((-85)/(-255)). What are the prime factors of x(o)?
1951
What are the prime factors of -1 - ((-2)/33 - (-36620446)/(-1914))?
2, 4783
Suppose 3*b + 0 - 33 = -3*i, -4*i + 3*b = -65. Let z be 1 + (-3312)/i + (-21)/49. List the prime factors of (-12)/54 - (-1 - z/(-9)).
3
Let y be (-8)/(-5)*(8 + 11/(-2)). Suppose z - n = 9 - 2, n + 31 = y*z. List the prime factors of (165/(-44))/((-6)/z).
5
What are the prime factors of ((-8772)/(-215))/(8/1220)?
2, 3, 17, 61
Let s = 117095 - 82032. What are the prime factors of s?
7, 5009
Let i(u) = u**3 - 2*u**3 - 50*u + 64*u - 6 + 2 + 18*u**2. List the prime factors of i(18).
2, 31
Let u(b) = -b - 1. Let d(x) = -2*x**2 + 8*x. Let m(q) = -d(q) - 4*u(q). Let p be m(-9). Let i = p + -96. What are the prime factors of i?
2, 53
Suppose 63*c = 283*c - 1319340. What are the prime factors of c?
3, 1999
Let f be -2 - 13/(39/(-18)). What are the prime factors of (32/(-42) + f/(-7))*-498?
2, 83
Let x = -274 + 390. Suppose 4*n + 4*w - 336 = x, 0 = -5*n + 3*w + 597. What are the prime factors of n?
3, 13
Let z(d) = 9747*d**2 - 88*d - 39. What are the prime factors of z(3)?
2, 3, 5, 31, 47
Let h be (-61 - (-3 - 0))*(-33)/2. Suppose 6*j = 2*j - 12, -j = -3*f + h. Let x = f + -209. List the prime factors of x.
109
Let k(o) = -o**3 + 4*o**2 - 6*o + 12. Let s be k(9). Let w = -217 - s. Suppose 10*x - 420 = w. What are the prime factors of x?
5, 13
Let s = -21550 - -101868. List the prime factors of s.
2, 7, 5737
Let p be 2 + 3/(-2) - (-36063)/(-18). Let z = p + 3025. What are the prime factors of z?
2, 7, 73
Let l be 3 + (-1)/(-5)*0. List the prime factors of (-4 + l - 2)*(-1196)/12.
13, 23
Let k(s) = 8113*s**2 - 7*s + 7. Let u be k(2). Suppose 11*q = 46*q - u. What are the prime factors of q?
3, 103
Suppose 4*c - 2160 = -5*b, 2*b = 3*b + 4. Let x = c + -377. List the prime factors of (13/((-260)/x))/(2/(-40)).
2, 3, 7
Let l(y) = 825*y**2 - 5*y - 5. Let o be l(-1). Suppose 5*w + 5*u = 825, u = -w - 4*w + o. Let x = -69 + w. What are the prime factors of x?
2, 3
Suppose -5*j + 3*m + 1282 = 0, -3*j + 0*m = -m - 766. List the prime factors of j + 1/(-4)*0.
2, 127
Let a(q) = -2*q**3 - 6*q**2 - 4*q + 8. Let z be a(1). Let d(m) be the first derivative of -m**4/4 + m**2 - 9*m - 1. List the prime factors of d(z).
47
Suppose -a = 5, 0 = -2*l + 6*a - 7*a + 31. Suppose -l*s = 6273 - 28773. List the prime factors of s.
2, 5
Let r = -2324 + 44808. List the prime factors of r.
2, 13, 19, 43
Let n be (-2)/(-1)*12/12. Suppose j - 2*j + 4*p = -21, n*j + p - 69 = 0. Suppose -21 = -2*a + j. What are the prime factors of a?
3
Suppose 105*h - 427395 = 797076 + 35949. What are the prime factors of h?
2, 3001
Let d = -374 - -414. Suppose -2*q = -14 - d. List the prime factors of q.
3
Suppose -3 - 7 = -5*p - 5*w, -6 = -3*p - 4*w. Suppose -5*x + 4*j + 1281 = 0, x - p*j = -x + 512. What are the prime factors of x?
257
Let c(r) = -75*r + 16070. What are the prime factors of c(0)?
2, 5, 1607
Let r(c) be the third derivative of 15*c**4/8 + 3*c**3 + 20*c**2. Let i be r(3). Suppose -6*n + 9*n - i = 0. What are the prime factors of n?
3, 17
Suppose -a = -4*f - 44370, 7*a - 8*a = 3*f - 44412. What are the prime factors of a?
2, 3, 7, 151
Let i = -1114 - -3613. Suppose 7*f - i = 4*f. What are the prime factors of f?
7, 17
Let t = -860 + 1770. Let z = t - 532. List the prime factors of z.
2, 3, 7
Let d = 294 + 512. Suppose 0 = 3*t - 4*t - 2*o + d, 5*t - 3975 = o. List the prime factors of t/10 + 26/(-10) + 2.
79
Let s = 8552 + -4360. What are the prime factors of s?
2, 131
List the prime factors of (-31424)/(-9) - 33/(891/(-12)).
2, 3, 97
Let d(c) = -2 - 26 + 6*c**2 + 8*c + 25. List the prime factors of d(-9).
3, 137
Let u(o) = -o**3 - 7*o**2 - 2*o + 199. List the prime factors of u(-13).
3, 7, 59
Suppose 0 = 1326*i - 1371*i + 511965. What are the prime factors of i?
31, 367
Suppose 5*a - 58*i + 54*i = 1028, 4*a + 4*i - 844 = 0. Suppose 3*z = 7*z - 2288. Suppose 10*n = a + z. List the prime factors of n.
2, 3, 13
Suppose 83*o + 301848 = 89*o + 75522. What are the prime factors of o?
67, 563
Let z = 9192 - 4750. What are the prime factors of z?
2, 2221
Suppose 10*v = 8*v + 1162. Suppose -4*l - 257 + v = 0. What are the prime factors of l?
3
Suppose -4*v = -4557 - 17480 - 18739. What are the prime factors of v?
2, 3, 1699
Let f(s) be the second derivative of -3*s**3/2 - 20*s**2 - 12*s. Let x(c) = -19*c - 81. Let k(m) = 5*f(m) - 2*x(m). List the prime factors of k(-6).
2
Suppose -600 = 2*d + 4*r, 2*r + 2*r - 4 = 0. Let z = 651 + d. List the prime factors of z.
349
Let c = 1526 + -805. Suppose -6*u = u - c. What are the prime factors of u?
103
Let i(x) = 349*x - 2616. List the prime factors of i(56).
2, 23
Let j = 262 - 437. What are the prime factors of (-56)/(j/85 - -2)?
2, 7, 17
Suppose -10*t + 18 + 2 = 0. Suppose 0 = j + t*f - 123, 2*f - 2 + 8 = 0. What are the prime factors of j?
3, 43
Let f be (-8 - 70/(-21))*(-807)/2. Suppose l = 4*c - f, 5*c - 4*l = -l + 2352. What are the prime factors of c?
3, 157
What are the prime factors of 147302/(-26)*(-36 + 23)?
73651
Suppose -82*r = 3*q - 81*r - 2269, -2*q - 2*r = -1514. List the prime factors of q.
2, 3, 7
What are the prime factors of (((-146150)/15)/10 - -2)*-15?
5, 2917
Suppose 0 = -6*u + 32 + 100. Let o be 531/21 + (-2)/7. Suppose 23*l + u = o*l. List the prime factors of l.
11
Let u be (7/((-105)/18))/((-4)/60). Let c be (-598)/(-5) + u/45. Suppose 5*l = -5*n + c, 3*l + 129 = 8*l - 4*n. List the prime factors of l.
5
Let g(v) = -2*v. Let a(b) = -40*b + 208. Let p(i) = a(i) - 3*g(i). What are the prime factors of p(-6)?
2, 103
Let r = 70 + 1514. List the prime factors of (-7)/((-28)/r) + 2.
2, 199
Let l = 136 - 576. Let f = l - -927. What are the prime factors of f?
487
Suppose 91*m - 353825 - 35746 = 0. What are the prime factors of m?
3, 1427
Suppose 1988 + 2637 = -y. Let j(h) = h**2 - 12*h + 25. Let t be j(10). List the prime factors of (4/10)/(t/y*-5).
2, 37
Let h(b) = b**3 + 6*b**2 + 3. Let a be h(-6). Suppose -x = -2*x - 3*r - 115, -a*r = 9. Let i = x + 187. What are the prime factors of i?
3
Let z = 204 + -199. Let d(n) = n**3 + 6*n**2 - 15*n + 20. List the prime factors of d(z).
2, 5, 11
Let j(i) = 126 + 0*i**3 - i**3 + 2*i**3. Let y be 0/(1 - 13)*2/8. What are the prime factors of j(y)?
2, 3, 7
List the prime factors of 8/10 - (266898/(-15) + 0).
2, 7, 31, 41
Let f(j) be the second derivative of j**4/3 - j**3 + 3*j**2/2 + 3*j. Suppose -t + 2*n + 9 = 0, 4*t + 3*n - 2 - 12 = 0. List the prime factors of f(t).
73
Let v = 3560 - 2307. Suppose 34*p - 3*y = 33*p + 245, -5*p + v = -y. List the prime factors of p.
251
Let t(f) = 2*f**2 - 14*f + 20. Let q be t(12). Suppose -5*m = -25, -h + 125 = 2*m - q. What are the prime factors of h?
3, 5, 17
List the prime factors of (-15)/9*((-6274428)/(-20))/(-17).
30757
Let k(p) = -6*p**2 - p - 2. Let n be k(2). Let d = n - -69. Suppose -d - 25 = -h. What are the prime factors of h?
2, 3, 11
Let u(a) = 69*a**3 - 4*a**2 + 47*a - 15. What are the prime factors of u(5)?
3, 5, 11, 53
Let q(n) = 5 - 2*n + 5*n + 17 + 0*n. Let x be q(-9). List the prime factors of -3 - 1*790/x.
5, 31
Let x = 1132 + -799. Suppose 28*k = 19*k + x. What are the prime factors of k?
37
Suppose z + 2*i - 262 = 8, i + 1405 = 5*z. Suppose v - z = -4*v. What are the prime factors of v/((-7)/(105/(-10)))?
2, 3, 7
Suppose 16*w = -2*w + 12454 + 22340. What are the prime factors of w?
1933
Let o = -68 + 80. Suppose 11*n = 13*n + o. What are the prime factors of -3 - 14/n - 366/(-9)?
2, 5
Suppose -5*s = 5*b - 160, 5*b + 4*s - 18 = 141. Let h(w) = w**3 - 29*w**2 - 43*w - 23. What are the prime factors of h(b)?
2, 283
Suppose 27 - 3 = 6*j. Suppose -16*y + 6922 = 186. Suppose -5*d = -3*c + 191, j*d - y = -5*c - 41. List the prime factors of c.
2, 3
Let c(q) = -q**2 - 14*q - 12. Suppose -5*v - 14 = -2*g, v = 3*v + 4. Suppose -z = 6 + g. What are the prime factors of c(z)?
2, 3
Let u(g) = -26*g**3 - 2*g**2 + 10*g + 17. Let w = 131 + -133. What are the 